{"version":"1.0","provider_name":"Funda\u00e7\u00e3o Gilberto Freyre","provider_url":"https:\/\/fgf.org.br\/loja","author_name":"Funda\u00e7\u00e3o Gilberto Freyre","author_url":"https:\/\/fgf.org.br\/loja\/autor\/master\/","title":"Talvez Poesia - Funda\u00e7\u00e3o Gilberto Freyre","type":"rich","width":600,"height":338,"html":"<blockquote class=\"wp-embedded-content\" data-secret=\"sxkeV3c78X\"><a href=\"https:\/\/fgf.org.br\/loja\/produto\/livro-talvez-poesia\/\">Talvez Poesia<\/a><\/blockquote><iframe sandbox=\"allow-scripts\" security=\"restricted\" src=\"https:\/\/fgf.org.br\/loja\/produto\/livro-talvez-poesia\/embed\/#?secret=sxkeV3c78X\" width=\"600\" height=\"338\" title=\"&#8220;Talvez Poesia&#8221; &#8212; Funda\u00e7\u00e3o Gilberto Freyre\" data-secret=\"sxkeV3c78X\" frameborder=\"0\" marginwidth=\"0\" marginheight=\"0\" scrolling=\"no\" class=\"wp-embedded-content\"><\/iframe><script>\n\/*! This file is auto-generated *\/\n!function(d,l){\"use strict\";l.querySelector&&d.addEventListener&&\"undefined\"!=typeof URL&&(d.wp=d.wp||{},d.wp.receiveEmbedMessage||(d.wp.receiveEmbedMessage=function(e){var t=e.data;if((t||t.secret||t.message||t.value)&&!\/[^a-zA-Z0-9]\/.test(t.secret)){for(var s,r,n,a=l.querySelectorAll('iframe[data-secret=\"'+t.secret+'\"]'),o=l.querySelectorAll('blockquote[data-secret=\"'+t.secret+'\"]'),c=new RegExp(\"^https?:$\",\"i\"),i=0;i<o.length;i++)o[i].style.display=\"none\";for(i=0;i<a.length;i++)s=a[i],e.source===s.contentWindow&&(s.removeAttribute(\"style\"),\"height\"===t.message?(1e3<(r=parseInt(t.value,10))?r=1e3:~~r<200&&(r=200),s.height=r):\"link\"===t.message&&(r=new URL(s.getAttribute(\"src\")),n=new URL(t.value),c.test(n.protocol))&&n.host===r.host&&l.activeElement===s&&(d.top.location.href=t.value))}},d.addEventListener(\"message\",d.wp.receiveEmbedMessage,!1),l.addEventListener(\"DOMContentLoaded\",function(){for(var e,t,s=l.querySelectorAll(\"iframe.wp-embedded-content\"),r=0;r<s.length;r++)(t=(e=s[r]).getAttribute(\"data-secret\"))||(t=Math.random().toString(36).substring(2,12),e.src+=\"#?secret=\"+t,e.setAttribute(\"data-secret\",t)),e.contentWindow.postMessage({message:\"ready\",secret:t},\"*\")},!1)))}(window,document);\n\/\/# sourceURL=https:\/\/fgf.org.br\/loja\/wp-includes\/js\/wp-embed.min.js\n<\/script>\n","thumbnail_url":"https:\/\/fgf.org.br\/loja\/wp-content\/uploads\/2021\/08\/livro-talvez-e-poesia.jpg","thumbnail_width":800,"thumbnail_height":800,"description":"Esta edi\u00e7\u00e3o traz poemas adicionais aos da primeira edi\u00e7\u00e3o, publicada em 1962, al\u00e9m de dois poemas in\u00e9ditos. Muitos poemas aqui apresentados foram reduzidos da prosa exuberante de Freyre, com a ajuda de Thiago de Mello, Manuel Bandeira e L\u00eado Ivo (que apresenta a obra), entre outros. Por tudo isso, nasceu o t\u00edtulo: Talvez poesia. &nbsp; [&hellip;]"}

Fundação Gilberto Freyre

Talvez Poesia - Fundação Gilberto Freyre

<blockquote class="wp-embedded-content" data-secret="sxkeV3c78X"><a href="https://fgf.org.br/loja/produto/livro-talvez-poesia/">Talvez Poesia</a></blockquote><iframe sandbox="allow-scripts" security="restricted" src="https://fgf.org.br/loja/produto/livro-talvez-poesia/embed/#?secret=sxkeV3c78X" width="600" height="338" title="&#8220;Talvez Poesia&#8221; &#8212; Fundação Gilberto Freyre" data-secret="sxkeV3c78X" frameborder="0" marginwidth="0" marginheight="0" scrolling="no" class="wp-embedded-content"></iframe><script>
/*! This file is auto-generated */
!function(d,l){"use strict";l.querySelector&&d.addEventListener&&"undefined"!=typeof URL&&(d.wp=d.wp||{},d.wp.receiveEmbedMessage||(d.wp.receiveEmbedMessage=function(e){var t=e.data;if((t||t.secret||t.message||t.value)&&!/[^a-zA-Z0-9]/.test(t.secret)){for(var s,r,n,a=l.querySelectorAll('iframe[data-secret="'+t.secret+'"]'),o=l.querySelectorAll('blockquote[data-secret="'+t.secret+'"]'),c=new RegExp("^https?:$","i"),i=0;i<o.length;i++)o[i].style.display="none";for(i=0;i<a.length;i++)s=a[i],e.source===s.contentWindow&&(s.removeAttribute("style"),"height"===t.message?(1e3<(r=parseInt(t.value,10))?r=1e3:~~r<200&&(r=200),s.height=r):"link"===t.message&&(r=new URL(s.getAttribute("src")),n=new URL(t.value),c.test(n.protocol))&&n.host===r.host&&l.activeElement===s&&(d.top.location.href=t.value))}},d.addEventListener("message",d.wp.receiveEmbedMessage,!1),l.addEventListener("DOMContentLoaded",function(){for(var e,t,s=l.querySelectorAll("iframe.wp-embedded-content"),r=0;r<s.length;r++)(t=(e=s[r]).getAttribute("data-secret"))||(t=Math.random().toString(36).substring(2,12),e.src+="#?secret="+t,e.setAttribute("data-secret",t)),e.contentWindow.postMessage({message:"ready",secret:t},"*")},!1)))}(window,document);
//# sourceURL=https://fgf.org.br/loja/wp-includes/js/wp-embed.min.js
</script>

Esta edição traz poemas adicionais aos da primeira edição, publicada em 1962, além de dois poemas inéditos. Muitos poemas aqui apresentados foram reduzidos da prosa exuberante de Freyre, com a ajuda de Thiago de Mello, Manuel Bandeira e Lêdo Ivo (que apresenta a obra), entre outros. Por tudo isso, nasceu o título: Talvez poesia. &nbsp; [&hellip;]
